 + -7 + (-3 - -1))) + -6.
10
Evaluate 0 + 1 - ((-2 - -10) + 11).
-18
19 + 7 + (0 + 0 - (0 - -9))
17
Calculate 0 + 3 + (27 - (20 - -28)).
-18
What is -3 - -24 - ((18 - 10 - 7) + 5)?
15
What is -1 + 10 + (25 - 32) + -13 + -2?
-13
Calculate 6 - -3 - ((-2 + -5 - -11) + 1).
4
Evaluate 2 - 0 - (-6 - -15 - (4 + -6)).
-9
What is the value of 1 + -6 + -1 + 9 + 3 + -12?
-6
Calculate 0 + -3 - (-13 + -4 + 14).
0
Calculate 5 + 47 + -33 - 35.
-16
Evaluate -35 - (-3 - 17) - (0 + -1) - -3.
-11
Evaluate (21 - 10) + -6 + 0.
5
Evaluate -6 + -1 + 2 + -3 + 8.
0
(205 + -222 - (-22 + -1)) + 16 + -1
21
Calculate 64 - 62 - (-1 - (12 - 3)).
12
(-1 - 62 - -25) + 23
-15
Calculate -22 + (-1 - (-6 + (2 + -2 - -3))).
-20
What is the value of 7 + (-3 - -3) + 0 + (-31 - -43)?
19
Evaluate -54 - -89 - (0 - (3 + -6)).
32
Calculate (12 - 29) + 30 + -15.
-2
Evaluate -2 - (23 + (8 - 19) + -4).
-10
What is the value of 2067 - 2076 - (0 + 1 + -48) - 5?
33
6 - (31 + 19 + -38)
-6
What is the value of 7 - ((0 - 10) + 28 + 3 + -6)?
-8
What is the value of -21 + (22 - 11) - (5 + -2)?
-13
Calculate -6 + 2 - (4 + -11 + 3).
0
What is -8 - (11 + -15) - (0 - -3) - -8?
1
What is -3732 + 3766 - (7 - (-2 - (-1 - 0)))?
26
Evaluate (4 - -4) + (-3 - (-3 + 9)).
-1
Evaluate -22 + (-12 - -21 - (-7 - -8)).
-14
Calculate 1567 + -1579 + (-7 - (0 + 1 + -1)).
-19
Evaluate 67 + -96 - (-11 + -3 + 4).
-19
Calculate -2 + (-1 + 2 - -2 - 8 - -4).
-3
Evaluate 4 - 1 - 8 - -4 - (0 + 13).
-14
2 + -13 + (-8 - -11) + -8
-16
Calculate (24 - 18 - 14) + 18.
10
What is the value of 8 + 33 + -69 - -35?
7
What is 47 - 48 - (-21 + 2) - 5?
13
What is the value of (-19 - (-27 - 6)) + (-7 - 0)?
7
What is (58 - 44) + (-29 - -13)?
-2
Evaluate 14 + 5 + -5 + -2 + 2 + 7.
21
What is 16 + 1 + 1 + -8 - 28?
-18
(-2 - 0) + 14 + -31 + 22
3
Evaluate -8 - (-5 - 3) - (7 + -19 + 3).
9
What is the value of 0 - -2 - (0 + (0 - (4 - 4)))?
2
-24 + (28 - 28) - (-5 + 3 + -2)
-20
Evaluate 46 + -54 + -2 + 38 + -1.
27
What is the value of 25 + -8 + -21 - (-1 - -1)?
-4
Calculate 9 - (-6 + -1 + 8) - 19.
-11
Calculate -25 - (-17 - (-15 + 15)).
-8
What is -8 + 6 + 0 + 3 + -19?
-18
Calculate 29 + (-5 - ((3 - 6) + (-8 - -9))).
26
What is the value of (18 - (-6 + 15) - 4) + 10?
15
(-14 + 47 - 18) + 1
16
Evaluate (-7 - (3 - 5 - 7)) + -8 - -15.
9
(-45 - -6) + -58 + 80
-17
18 - (-11 - (12 + -36))
5
What is -1 + 6 - (35 + -38 - -2)?
6
What is the value of 2 + (-13 - (18 + -15))?
-14
What is (6 - 13) + 3 + -2?
-6
Calculate 5 - (1 + 7 + -1 + -1).
-1
What is the value of (4 + 6 + 3 - -4) + -8?
9
What is -4 - -2 - (13 + 3 + -8)?
-10
Evaluate 0 + (-8 - (5 - 10)) + 4.
1
Calculate (-38 - -46) + -4 + 1.
5
-8 + (6 - 10) - (-6 + -1)
-5
Calculate -7 + (-7 - -16) - (5 + -2 + -7).
6
Evaluate 21 + (36 + -38 - -14).
33
What is the value of (-2 - -2) + (-18 + 1 - -31)?
14
What is -26 + (0 - (-14 - 5)) + -8 + -1?
-16
What is (-3 - -7) + (-5 - (6 - 21))?
14
What is the value of (-5 - 2) + (9 + -9 - (4 + -8))?
-3
(5 + -9 - 4) + (20 - (-7 + 4))
15
Calculate -32 + (56 - 11) + -35.
-22
What is the value of (33 - 16) + 9 - 15?
11
What is 1 - (0 - (0 + -17 + 7))?
-9
Calculate 6 + -12 + (-6 - -34).
22
What is 5 + 1 + (27 - (11 + 20)) + -11?
-9
Evaluate (-197 - -207 - (0 + 8)) + -18.
-16
What is the value of (-49 - (-6 - (-5 + 8)) - -10) + 8?
-22
-4 + -12 + (45 - 28)
1
Calculate -2 - (-12 - -11 - -1) - 14.
-16
0 + 3 - (14 + 25 + -38)
2
What is (-3 - (18 - 26)) + (-3 - (-8 - 4))?
14
What is -1 - (-13 - (-25 + 12))?
-1
What is the value of 7 - (10 - 3 - 1)?
1
What is the value of -9 + (5 - 7) + 9 - -5?
3
What is 61 + -58 - (-1 - -33 - (9 + -6))?
-26
What is 7 - (-8 + 8 + 13 + 6)?
-12
34 - ((23 - 22) + 14)
19
Evaluate -4 + 29 - ((-3 - -7) + 3).
18
Calculate -37 - -10 - (-32 + -29).
34
Evaluate 7 + 1 + -17 + 6.
-3
What is 1 + 2 + 7 + (-1 - 2)?
7
0 + -19 - -27 - -4
12
Evaluate -1 - ((5 + -14 - 1) + 10).
-1
What is the value of -573 - -562 - (-3 + -5 + -1)?
-2
Calculate 5 + (8 - 0) + (21 - 22) + -7.
5
What is the value of 5 - (18 - -24 - 16)?
-21
Evaluate (-31 - 5) + (-271 - -285).
-22
16 + (-17 - (16 - (0 + 30)))
13
Calculate -3 + (2 - 2) + 4 + (28 - 26).
3
5 + (6 - (-38 - -35 - (0 + -23)))
-9
3 + (7 + -13 - 0)
-3
What is the value of 15 + -2 + 1 - (-4 + 4 - 1)?
15
Calculate 2 + (4 - 6) + 8 + -7 + 19.
20
Calculate 46 + -23 + (-19 - -17).
21
Evaluate 17 - (4 + (4 - -4)) - -11.
16
Calculate 1 + -1 + -9 - (-11 - (-11 - -2)).
-7
What is the value of -5 - (4 + (0 - -2))?
-11
What is -7 + -13 + 12 - (-12 - 1)?
5
Evaluate -17 - (6 + 19 + -56).
14
What is the value of 4 + -3 - ((1 - -12 - -3) + -5)?
-10
Calculate 6 + 1 + (-2 - (6 - 4)) + 8.
11
What is -9 - ((-8 - -11) + (-1 - 17))?
6
Evaluate -14 + (-9 - (-3 + (2 - (3 + 8)))).
-11
What is the value of -17 + (7 - (8 + -11)) + 21?
14
What is 13 + (17 - 3 - -4) - 9?
22
Calculate 8 + -9 + (-25 - -6) + 9.
-11
What is the value of -21 + (-5 - -18) + -1 + 14?
5
What is the value of 1 + (7 - 24 - 2) - -7?
-11
Calculate (1 + -2 - -5) + 1030 + -1034 + 22.
22
What is the value of 10 - (-16 + (5 - -41))?
-20
Evaluate 18 - (30 + (6 - 16)).
-2
Evaluate 14 + (9 - 14 - 7).
2
Evaluate -2 - 6 - (48 - 25 - 18).
-13
Evaluate 1 + 6 - (-64 - -68).
3
Calculate 11 + -26 + 1 - -7.
-7
What is the value of (-14 + 6 - -8) + -20 - -11?
-9
Calculate -1 + -22 - -13 - -26.
16
Evaluate -85 + 114 - (6 + 6).
17
Calculate 1 - (34 - -6 - 24).
-15
What is the value of (-31 - -35) + 5 + 2 + -1 + -19?
-9
Evaluate (0 - 1) + -6 - ((-31 - 27) + 70).
-19
Calculate -9 - ((14 - 17) + 2 - 30).
22
What is (2 + -6 - -4) + -7?
-7
Calculate -27 + 101 - 37 - 4.
33
What is the value of 30 - (6 + -1 - (-259 + 263))?
29
What is the value of 13 - (11 - 10 - -11)?
1
Calculate 3 + 1 + (27 - (68 - 36)).
-1
What is -8 - ((13 - 6) + -2 - 0)?
-13
What is the value of -61 + 38 + 10 + (1 - -1)?
-11
What is -1 - 16 - ((1 - 13) + (14 - 9))?
-10
Evaluate -5 + 5 + (6 - 18) + -1.
-13
What is the value of (-471 + 465 - (-1 - 1)) + -30?
-34
What is the value of -2 - (-11 - (-2 - (6 + -3))) - 4?
0
Evaluate 2 + (17 - (-6 + (5 - -8))) + -2.
10
What is the value of -3 - (8 + -37 + 16)?
10
Evaluate (13 - 22) + (5 + 0 + -9 - -5).
-8
Evaluate -32 + 7 - (-20 - -12).
-17
What is -12 - ((-12 - 17) + 10 + -8)?
15
Calculate -15 - (-33 - -17 - -4).
-3
Calculate (10 - 0) + (8 - ((10 - -4) + -9)).
13
Calculate 6 - 14 - (-7 + -6).
5
What is 11 - (10 + 27) - -31?
5
What is the value of -2 - -2 - -10 - (-12 - (-8 - 4))?
10
What is the value of -40 + 25 + -3 + 22?
4
What is (1 - (0 - 0)) + 2 + -30 + 29?
2
Evaluate 3 + -6 + (7 - -2) + 3 + -1.
8
What is the value of (-6 - (5 - 8) - 4) + -2?
-9
Evaluate -9 - (8 + -15 + 47 - (-2 + 12)).
-39
Calculate (-1 + -8 - -3) + 5.
-1
What is -9 + -2 - (-9 - (2 - 11))?
-11
What is (6 - -3) + 4 + -5 - 4?
4
What is 25 - (28 + (-10 - -1))?
6
What is the value of -22 - (-9 - (20 - 23))?
-16
What is (-79 - -69) + 0 + 12 + -4?
-2
Calculate (2 - (5 + -11 - -8)) + 6.
6
Evaluate 7 + 5 - (8 - -2) - (1 - 23).
24
Calculate 4 + 3 + (-4 - -3) + (-34 - -36).
8
What is the value of (1 - 1) + (26 + -45 - -30)?
11
-9 + 18 + -9 + (3 + -1 - 4)
-2
What is -1 + 25 + 3 - (93 + -85)?
19
28 + (18 - 39) - 12
-5
What is the value of (-2 - (-2 - -2) - 3) + (208 - 199)?
4
Evaluate 8 - -2 - (320 - 325).
15
Calculate 18 - (-1 + 3) - (12 + -4).
8
Evaluate 9 - (-12 - -17) - 16 - 22.
-34
Calculate 14 + -11 + 0 + 4 + -3 + -2.
2
Evaluate -7 - (-10 - (-1 - 10)) - 6.
-14
What is -1 + -2 + -75 + 67?
-11
What is the value of 16 - (5 - 2 - (58 + -63))?
8
What is the value of -15 + -6 + 39 - 32 - -3?
-11
What is -15 + (-2 - (7 + -8))?
-16
Calculate -23 + 8 + 19 + -19.
-15
Calculate -38 + -2 - -23 - -8.
-9
What is the value of 5 + -3 + (12 + -19 - -22)?
17
What is (4 - -1 - -3) + (20 - 43)?
-15
(-2 + 1 - (0 + 2 - 1)) + 0
-2
Evaluate 26 - ((6 - -3) + 8).
9
(1 - 0) + -12 + (25 - 13 - -5)
6
Calculate 5 - (5 - (8 + -2)) - (-4 - -5).
5
What is 38 + 25 + -58 + 21?
26
Calculate -12 + (-2 - 0 - -5).
-9
(-9 + 20 - -9) + -12 - (0 + 1)
7
(23 - 15) + (5 + -28 - -9)
-6
What is the value of 7 - -3 - (-399 + 399)?
10
What is the value of (39 - 45) + -42 - -21?
-27
What is -1 - 5 - (2 + (10 - 10) + 5)?
-13
Calculate -7 + (-7 + 9 - 3) + 8.
0
What is the value of (-12 - -18) + -2 - (1 - -2)?
1
Evaluate (-3 + 14 - 3) + -11.
-3
Calculate 22 - (17 - (20 + -23)).
2